ide 437527?
False
Is 10 a factor of 4162841?
False
Is 24 a factor of 1466792?
False
Is 26445554 a multiple of 1089?
False
Is 1591128 a multiple of 84?
True
Is 410040 a multiple of 255?
True
Is 6463 even?
False
Does 5 divide 24910?
True
Does 33 divide 13385?
False
Does 829 divide 1972191?
True
Is 12613810 a multiple of 55?
True
Is 12 a factor of 7772518?
False
Is 39 a factor of 9234537?
True
Is 24845184 a multiple of 21?
True
Is 13925 a multiple of 25?
True
Is 430 a factor of 1154823?
False
Is 412969 a multiple of 445?
False
Is 34 a factor of 765843?
False
Is 3499669 a multiple of 10?
False
Does 46 divide 3563528?
True
Is 55 a factor of 23093?
False
Is 607 a factor of 1794917?
False
Does 148 divide 6857749?
False
Is 1779180 a multiple of 13?
True
Is 2780 a multiple of 35?
False
Is 126 a factor of 843696?
True
Is 581 a factor of 368401?
False
Is 97 a factor of 353080?
True
Does 12 divide 5149370?
False
Does 2 divide 53875?
False
Is 11403259 a multiple of 9?
False
Does 13 divide 1382316?
True
Does 79 divide 383083?
False
Is 9 a factor of 407340?
True
Is 364 a factor of 269664?
False
Is 40 a factor of 38852?
False
Is 344682 a multiple of 89?
False
Is 426 a factor of 863502?
True
Does 160 divide 236960?
True
Is 643 a factor of 1269925?
True
Does 4 divide 34815?
False
Does 20 divide 120480?
True
Is 1817025 a multiple of 175?
True
Is 13 a factor of 152462?
False
Is 1781701 a multiple of 53?
True
Is 1559 a factor of 2389947?
True
Is 1993395 a multiple of 3?
True
Is 193650 a multiple of 10?
True
Is 9 a factor of 917355?
False
Does 981 divide 16454005?
False
Is 662582 a multiple of 61?
True
Does 303 divide 210325?
False
Is 119 a factor of 12964968?
False
Is 15 a factor of 174331?
False
Is 2113916 a multiple of 303?
False
Is 323 a factor of 991760?
False
Is 31 a factor of 53057?
False
Is 20 a factor of 852230?
False
Is 29 a factor of 170955?
True
Is 2456916 a multiple of 308?
True
Is 10619283 a multiple of 16?
False
Does 23 divide 274229?
True
Is 95525 a multiple of 13?
False
Is 11 a factor of 2027377?
True
Does 116 divide 1094948?
False
Is 28 a factor of 6017060?
True
Is 54 a factor of 964818?
True
Does 224 divide 306432?
True
Is 450360 a multiple of 4?
True
Is 453250 a multiple of 14?
True
Is 86836 a multiple of 11?
False
Is 1787 a factor of 1679051?
False
Does 429 divide 143715?
True
Is 8 a factor of 31080?
True
Is 110060 a multiple of 31?
False
Does 8 divide 6858640?
True
Is 2664898 a multiple of 37?
False
Is 16 a factor of 410112?
True
Does 207 divide 674820?
True
Is 2 a factor of 948121?
False
Is 266 a factor of 3340694?
True
Is 121763 a multiple of 194?
False
Does 10 divide 334755?
False
Is 240994 a multiple of 598?
True
Is 15 a factor of 139275?
True
Does 281 divide 692883?
False
Does 16 divide 2591680?
True
Is 11 a factor of 1825293?
False
Is 761 a factor of 1635389?
True
Is 4590759 a multiple of 60?
False
Is 1164 a factor of 2032344?
True
Is 1421898 a multiple of 30?
False
Is 30420 a multiple of 52?
True
Does 6 divide 3431514?
True
Does 970 divide 1253240?
True
Is 742498 a multiple of 16?
False
Is 940 a factor of 6669300?
True
Is 8 a factor of 874017?
False
Is 105702 a multiple of 446?
True
Is 16347 even?
False
Does 881 divide 4599701?
True
Is 6 a factor of 324120?
True
Does 7 divide 3166467?
False
Is 1223028 a multiple of 13?
False
Is 3067476 a multiple of 107?
True
Is 1557301 a multiple of 217?
False
Does 10 divide 3065360?
True
Does 4 divide 39245?
False
Is 3086 a multiple of 4?
False
Is 9668 a multiple of 9?
False
Does 45 divide 3012795?
True
Does 7 divide 6565630?
False
Is 66 a factor of 295944?
True
Does 44 divide 514756?
True
Is 175513 a multiple of 46?
False
Does 211 divide 7177231?
False
Is 784124 a multiple of 654?
False
Is 400 a factor of 167626?
False
Is 94413 a multiple of 5?
False
Does 59 divide 188203?
False
Is 709552 a multiple of 4?
True
Does 16 divide 460140?
False
Is 1293525 a multiple of 9?
True
Does 237 divide 360344?
False
Does 167 divide 11754396?
False
Does 866 divide 10071280?
False
Does 389 divide 12708241?
True
Is 53721 a multiple of 9?
True
Is 63 a factor of 7988841?
True
Is 11850 a multiple of 395?
True
Is 5390010 a multiple of 15?
True
Is 7371281 a multiple of 1039?
False
Is 115 a factor of 6183475?
False
Does 238 divide 2992850?
True
Is 565632 a multiple of 384?
True
Does 66 divide 101838?
True
Does 142 divide 460981?
False
Is 9 a factor of 3080075?
False
Does 462 divide 15316686?
True
Is 67 a factor of 3258143?
True
Does 41 divide 534967?
False
Does 8 divide 190884?
False
Is 391594 a multiple of 24?
False
Is 100153 a multiple of 9?
False
Does 243 divide 6858189?
True
Is 17088 a multiple of 64?
True
Is 295780 a multiple of 30?
False
Is 12 a factor of 102708?
True
Does 96 divide 885608?
False
Is 27333 a multiple of 24?
False
Is 324093 a multiple of 253?
True
Is 340 a factor of 170340?
True
Is 7 a factor of 1366496?
False
Is 282948 a multiple of 34?
True
Does 4 divide 180336?
True
Is 19 a factor of 84772?
False
Does 3 divide 4487215?
False
Does 26 divide 3573743?
False
Is 38995 a multiple of 9?
False
Does 23 divide 1001963?
False
Does 38 divide 183266?
False
Does 5 divide 409510?
True
Does 331 divide 229032?
False
Is 1805076 a multiple of 31?
False
Does 91 divide 85176?
True
Is 12 a factor of 884218?
False
Is 113445 a multiple of 26?
False
Is 44 a factor of 192865?
False
Does 4 divide 365784?
True
Does 6 divide 276358?
False
Is 289146 a multiple of 674?
True
Does 27 divide 418338?
True
Does 17 divide 2753209?
False
Does 2 divide 16963?
False
Does 6 divide 31145?
False
Does 211 divide 1875503?
False
Does 57 divide 627?
True
Is 49 a factor of 127415?
False
Is 559 a factor of 1495325?
True
Is 1303414 a multiple of 14?
True
Is 3281104 a multiple of 11?
False
Is 331958 a multiple of 178?
False
Does 353 divide 671759?
True
Does 41 divide 8681832?
True
Does 169 divide 853112?
True
Is 1491714 a multiple of 18?
True
Is 98 a factor of 751366?
True
Does 28 divide 683974?
False
Is 68 a factor of 1604324?
True
Is 40845 a multiple of 35?
True
Does 4 divide 5064804?
True
Does 18 divide 3229197?
False
Is 1718 a factor of 923304?
False
Does 21 divide 291384?
False
Does 295 divide 22840730?
False
Is 139687 a multiple of 41?
True
Is 22 a factor of 555646?
False
Is 91 a factor of 80293?
False
Does 1068 divide 25927581?
False
Is 63 a factor of 11211228?
True
Is 525512 a multiple of 20?
False
Does 2 divide 6701?
False
Does 9 divide 517156?
False
Is 14930329 a multiple of 2148?
False
Is 3324321 a multiple of 63?
True
Is 8 a factor of 529336?
True
Is 5016666 a multiple of 216?
False
Is 10100574 a multiple of 19?
False
Is 4236657 a multiple of 797?
False
Is 12 a factor of 12264?
True
Is 28329 a multiple of 3?
True
Is 306324 a multiple of 4?
True
Does 111 divide 861348?
False
Is 4783600 a multiple of 40?
True
Is 235429 a multiple of 40?
False
Is 3149485 a multiple of 7?
False
Is 441774 a multiple of 459?
False
Is 43 a factor of 3559368?
True
Is 819 a factor of 1338861?
False
Is 361 a factor of 91781?
False
Is 19 a factor of 20317?
False
Does 6 divide 1025520?
True
Is 5406245 a multiple of 20?
False
Does 16 divide 182879?
False
Does 16 divide 2239632?
True
Does 296 divide 4761752?
True
Does 426 divide 12871264?
False
Is 22057364 a multiple of 1069?
False
Does 853 divide 4690879?
False
Is 384410 a multiple of 39?
False
Is 337146 a multiple of 14?
False
Is 13 a factor of 9621430?
True
Is 19145148 a multiple of 516?
True
Is 182 a factor of 331786?
True
Is 21 a factor of 166698?
True
Is 449857 a multiple of 56?
False
Is 10884428 a multiple of 300?
False
Does 10 divide 527?
False
Does 62 divide 88846?
True
Is 630 a factor of 185220?
True
Is 9 a factor of 173655?
True
Does 19 divide 9031?
False
Is 1330043 a multiple of 71?
True
Is 224196 a multiple of 7?
True
Is 304096 a multiple of 884?
True
Is 884 a factor of 2623318?
False
Is 13 a factor of 1991665?
True
Does 1760 divide 11795520?
True
Does 53 divide 4773807?
False
Does 47 divide 74401?
True
Does 885 divide 2760935?
False
Is 138 a factor of 667782?
True
Is 17353 a multiple of 88?
False
Does 78 divide 981221?
False
Does 12 divide 190504?
False
Is 111090 a multiple of 14?
True
Is 22 a factor of 378366?
False
Does 159 divide 15582?
True
Does 62 divide 3353580?
True
Is 172 a factor of 619168?
F